emainder when 42796 is divided by 337?
334
Calculate the remainder when 7764 is divided by 2568.
60
What is the remainder when 2468 is divided by 1194?
80
What is the remainder when 1244 is divided by 82?
14
What is the remainder when 21276 is divided by 284?
260
Calculate the remainder when 12614 is divided by 133.
112
Calculate the remainder when 30542 is divided by 205.
202
Calculate the remainder when 36952 is divided by 18442.
68
Calculate the remainder when 2728 is divided by 7.
5
Calculate the remainder when 128629 is divided by 109.
9
What is the remainder when 5377 is divided by 959?
582
What is the remainder when 27582 is divided by 132?
126
Calculate the remainder when 38192 is divided by 237.
35
What is the remainder when 9224 is divided by 160?
104
Calculate the remainder when 4445 is divided by 887.
10
What is the remainder when 10464 is divided by 639?
240
What is the remainder when 604 is divided by 198?
10
What is the remainder when 6809 is divided by 85?
9
What is the remainder when 929697 is divided by 88?
65
What is the remainder when 78195 is divided by 68?
63
What is the remainder when 2536 is divided by 28?
16
Calculate the remainder when 1771 is divided by 294.
7
Calculate the remainder when 137280 is divided by 416.
0
What is the remainder when 2234 is divided by 65?
24
What is the remainder when 5909 is divided by 1389?
353
What is the remainder when 504899 is divided by 20?
19
Calculate the remainder when 11965 is divided by 14.
9
What is the remainder when 3411 is divided by 644?
191
What is the remainder when 1974 is divided by 96?
54
Calculate the remainder when 3891 is divided by 87.
63
Calculate the remainder when 43645 is divided by 14524.
73
What is the remainder when 71635 is divided by 20?
15
What is the remainder when 366132 is divided by 91522?
44
What is the remainder when 1246927 is divided by 60?
7
Calculate the remainder when 3513 is divided by 390.
3
Calculate the remainder when 132554 is divided by 15.
14
What is the remainder when 2210632 is divided by 1286?
1284
What is the remainder when 48448 is divided by 723?
7
What is the remainder when 2577 is divided by 51?
27
What is the remainder when 68396 is divided by 152?
148
What is the remainder when 830428 is divided by 321?
1
Calculate the remainder when 42 is divided by 29.
13
Calculate the remainder when 11843 is divided by 135.
98
What is the remainder when 141898 is divided by 1448?
1442
What is the remainder when 53623 is divided by 103?
63
Calculate the remainder when 65491 is divided by 245.
76
What is the remainder when 44508 is divided by 14805?
93
What is the remainder when 13248 is divided by 4405?
33
What is the remainder when 5693 is divided by 100?
93
Calculate the remainder when 12523 is divided by 1714.
525
What is the remainder when 458 is divided by 254?
204
What is the remainder when 3143 is divided by 3123?
20
Calculate the remainder when 55934 is divided by 6973.
150
Calculate the remainder when 5102 is divided by 41.
18
Calculate the remainder when 2359 is divided by 342.
307
Calculate the remainder when 1364 is divided by 222.
32
What is the remainder when 1336 is divided by 501?
334
Calculate the remainder when 631 is divided by 226.
179
Calculate the remainder when 24914 is divided by 656.
642
What is the remainder when 7260 is divided by 551?
97
What is the remainder when 29558 is divided by 35?
18
Calculate the remainder when 8671317 is divided by 270.
267
Calculate the remainder when 33773 is divided by 417.
413
Calculate the remainder when 1393 is divided by 458.
19
Calculate the remainder when 62446 is divided by 4.
2
Calculate the remainder when 2981915 is divided by 252.
251
Calculate the remainder when 30075 is divided by 700.
675
What is the remainder when 237015 is divided by 227?
27
What is the remainder when 26837 is divided by 110?
107
Calculate the remainder when 2193 is divided by 906.
381
Calculate the remainder when 3415459 is divided by 191.
188
What is the remainder when 54188 is divided by 243?
242
Calculate the remainder when 91853 is divided by 287.
13
What is the remainder when 7590 is divided by 1894?
14
What is the remainder when 26232 is divided by 1647?
1527
What is the remainder when 23084 is divided by 148?
144
Calculate the remainder when 1986919 is divided by 104.
103
Calculate the remainder when 102721 is divided by 51360.
1
What is the remainder when 179936 is divided by 85?
76
Calculate the remainder when 3426 is divided by 1039.
309
Calculate the remainder when 48996 is divided by 125.
121
What is the remainder when 6090 is divided by 3040?
10
What is the remainder when 121902 is divided by 139?
138
What is the remainder when 503761 is divided by 18?
13
Calculate the remainder when 332017 is divided by 110664.
25
Calculate the remainder when 3668373 is divided by 2598.
2595
Calculate the remainder when 20419 is divided by 36.
7
Calculate the remainder when 205480 is divided by 721.
716
Calculate the remainder when 3410 is divided by 1614.
182
What is the remainder when 27253 is divided by 2271?
1
Calculate the remainder when 920 is divided by 79.
51
Calculate the remainder when 7093 is divided by 3461.
171
What is the remainder when 1956 is divided by 244?
4
What is the remainder when 121038 is divided by 3?
0
Calculate the remainder when 3982 is divided by 1529.
924
What is the remainder when 5100 is divided by 221?
17
Calculate the remainder when 1559 is divided by 993.
566
Calculate the remainder when 25643 is divided by 16.
11
Calculate the remainder when 798591 is divided by 373.
371
Calculate the remainder when 114453 is divided by 388.
381
Calculate the remainder when 448737 is divided by 90.
87
Calculate the remainder when 6228 is divided by 276.
156
Calculate the remainder when 2148733 is divided by 28.
13
What is the remainder when 8678 is divided by 2873?
59
Calculate the remainder when 112364 is divided by 33.
32
Calculate the remainder when 199423 is divided by 211.
28
What is the remainder when 5365 is divided by 19?
7
Calculate the remainder when 1876152 is divided by 57.
54
What is the remainder when 1189680 is divided by 169954?
2
What is the remainder when 105405 is divided by 54?
51
What is the remainder when 67909 is divided by 503?
4
Calculate the remainder when 55710 is divided by 27710.
290
What is the remainder when 337 is divided by 107?
16
Calculate the remainder when 888 is divided by 183.
156
What is the remainder when 4754 is divided by 851?
499
Calculate the remainder when 135623 is divided by 86.
1
Calculate the remainder when 77818 is divided by 44.
26
Calculate the remainder when 333 is divided by 67.
65
What is the remainder when 6019 is divided by 1172?
159
What is the remainder when 8965 is divided by 4481?
3
Calculate the remainder when 138956 is divided by 34739.
0
Calculate the remainder when 39502 is divided by 25.
2
What is the remainder when 1466399 is divided by 188?
187
Calculate the remainder when 517628 is divided by 172542.
2
What is the remainder when 17451 is divided by 152?
123
Calculate the remainder when 7400 is divided by 275.
250
Calculate the remainder when 946 is divided by 253.
187
What is the remainder when 2897 is divided by 15?
2
Calculate the remainder when 28027 is divided by 801.
793
Calculate the remainder when 9174 is divided by 21.
18
Calculate the remainder when 1535 is divided by 12.
11
What is the remainder when 245334 is divided by 1496?
1486
What is the remainder when 78187 is divided by 517?
120
Calculate the remainder when 333598 is divided by 987.
979
Calculate the remainder when 356830 is divided by 864.
862
What is the remainder when 10409 is divided by 1347?
980
What is the remainder when 20943 is divided by 2549?
551
What is the remainder when 762 is divided by 6?
0
Calculate the remainder when 1971551 is divided by 11.
10
Calculate the remainder when 10285 is divided by 1714.
1
What is the remainder when 3640 is divided by 203?
189
Calculate the remainder when 1180 is divided by 587.
6
What is the remainder when 81532 is divided by 14?
10
Calculate the remainder when 68264 is divided by 369.
368
What is the remainder when 1685632 is divided by 85?
82
What is the remainder when 126782 is divided by 2817?
17
